{"id":85,"date":"2025-06-18T10:03:40","date_gmt":"2025-06-18T09:03:40","guid":{"rendered":"https:\/\/www.lbmedica.cz\/?page_id=85"},"modified":"2026-05-11T06:02:18","modified_gmt":"2026-05-11T05:02:18","slug":"uvod-2","status":"publish","type":"page","link":"https:\/\/www.lbmedica.cz\/","title":{"rendered":"\u00davod"},"content":{"rendered":"\n<h2 class=\"wp-block-heading\">Zdrav\u00ed je na\u0161e priorita<\/h2>\n\n\n\n<div class=\"wp-block-columns is-layout-flex wp-container-core-columns-is-layout-28f84493 wp-block-columns-is-layout-flex\">\n<div class=\"wp-block-column is-layout-flow wp-block-column-is-layout-flow\" style=\"flex-basis:66.66%\">\n<p>V\u00edtejte v na\u0161\u00ed ordinaci zam\u011b\u0159en\u00e9 na obor ORL u&nbsp;Strossmayerova n\u00e1m\u011bst\u00ed!<br>Sna\u017e\u00edme se poskytovat nejen kvalitn\u00ed l\u00e9ka\u0159skou p\u00e9\u010di, ale i&nbsp;p\u0159\u00e1telsk\u00e9 a individu\u00e1ln\u00ed p\u0159\u00edstupy pro na\u0161e pacienty, proto\u017ee va\u0161e zdrav\u00ed je pro n\u00e1s na prvn\u00edm m\u00edst\u011b.<br>P\u00e9\u010di poskytujeme jak dosp\u011bl\u00fdm, tak d\u011btsk\u00fdm pacient\u016fm, a to u\u017e od novorozeneck\u00e9ho v\u011bku.<\/p>\n\n\n\n<p><\/p>\n<\/div>\n\n\n\n<div class=\"wp-block-column is-layout-flow wp-block-column-is-layout-flow\" style=\"flex-basis:33.33%\">\n<figure class=\"wp-block-image size-full\"><img loading=\"lazy\" decoding=\"async\" width=\"612\" height=\"292\" src=\"https:\/\/www.lbmedica.cz\/wp-content\/uploads\/2025\/06\/obr.jpg\" alt=\"\" class=\"wp-image-184\" srcset=\"https:\/\/www.lbmedica.cz\/wp-content\/uploads\/2025\/06\/obr.jpg 612w, https:\/\/www.lbmedica.cz\/wp-content\/uploads\/2025\/06\/obr-300x143.jpg 300w\" sizes=\"auto, (max-width: 612px) 100vw, 612px\" \/><\/figure>\n<\/div>\n<\/div>\n\n\n\n<h3 class=\"wp-block-heading\">Aktuality a zm\u011bny ordina\u010dn\u00ed doby<\/h3>\n\n\n\n<h6 class=\"wp-block-heading has-vivid-red-color has-text-color has-link-color wp-elements-32cc1adc67085d93957f07c5e671b14b\"><strong>Zm\u011bny ordina\u010dn\u00ed doby :<\/strong> <\/h6>\n\n\n\n<p>V pond\u011bl\u00ed 25.5. je ordinace z technick\u00fdch d\u016fvod\u016f uzav\u0159ena.<\/p>\n\n\n\n<p><\/p>\n\n\n\n<p><\/p>\n\n\n\n<div class=\"wp-block-buttons is-layout-flex wp-block-buttons-is-layout-flex\">\n<div class=\"wp-block-button\"><a class=\"wp-block-button__link wp-element-button\" href=\"https:\/\/www.navstevalekare.cz\/lekari\/orl-usni-nosni-krcni-s51007\/praha-kraj-k313\/praha-7-o583\/holesovice-m11137\/mudr-lucie-lorencova-d40477.html\"><em>Pro online objedn\u00e1n\u00ed klikn\u011bte ZDE<\/em><\/a><\/div>\n<\/div>\n\n\n\n<p>Jsme modern\u00ed zdravotn\u00ed st\u0159edisko v Praze 7 specializuj\u00edc\u00ed se na ORL.<br>Poskytujeme komplexn\u00ed p\u00e9\u010di v oblasti otorhinolaryngologie, v\u010detn\u011b diagnostiky a l\u00e9\u010dby r\u016fzn\u00fdch onemocn\u011bn\u00ed u\u0161\u00ed, nosu a krku.<br>Na\u0161e vybaven\u00ed a zku\u0161en\u00fd t\u00fdm l\u00e9ka\u0159\u016f zaji\u0161\u0165uje kvalitn\u00ed p\u00e9\u010di pro v\u0161echny v\u011bkov\u00e9 kategorie.<br>Nav\u0161tivte n\u00e1s a ujist\u011bte se sami!&nbsp;Objednat se m\u016f\u017eete i e-mailem nebo telefonicky.<\/p>\n\n\n\n<hr class=\"wp-block-separator has-alpha-channel-opacity\"\/>\n\n\n\n<details class=\"wp-block-details is-layout-flow wp-block-details-is-layout-flow\"><summary>Vy\u0161et\u0159en\u00ed dosp\u011bl\u00fdch<\/summary>\n<p>Diagnostick\u00e9 vy\u0161et\u0159en\u00ed nosu, krku a u\u0161\u00ed, endoskopick\u00e9 vy\u0161et\u0159en\u00ed nosu i krku, tympanometrick\u00e9 vy\u0161et\u0159en\u00ed (vy\u0161et\u0159en\u00ed tlaku ve st\u0159edou\u0161\u00ed), audiometrick\u00e9 vy\u0161et\u0159en\u00ed sluchu, v\u010detn\u011b v\u00fddeje a nastaven\u00ed sluchadel.<\/p>\n\n\n\n<details class=\"wp-block-details is-layout-flow wp-block-details-is-layout-flow\"><summary>Vy\u0161et\u0159en\u00ed d\u011bt\u00ed (od novorozenc\u016f)<\/summary>\n<p>Diagnostick\u00e9 vy\u0161et\u0159en\u00ed nosu, krku a u\u0161\u00ed, endoskopick\u00e9 vy\u0161et\u0159en\u00ed nosu i krku, tympanometrick\u00e9 vy\u0161et\u0159en\u00ed (vy\u0161et\u0159en\u00ed tlaku ve st\u0159edou\u0161\u00ed), aplikace n\u00e1u\u0161nic, preventivn\u00ed audiometrick\u00e9 vy\u0161et\u0159en\u00ed sluchu v p\u011bti letech, u star\u0161\u00edch d\u011bt\u00ed vy\u0161et\u0159en\u00ed sluchu p\u0159i poruch\u00e1ch.<\/p>\n<\/details>\n\n\n\n<details class=\"wp-block-details is-layout-flow wp-block-details-is-layout-flow\"><summary>Preventivn\u00ed vy\u0161et\u0159en\u00ed pro zam\u011bstnavatele<\/summary>\n<p>Vy\u0161et\u0159en\u00ed pro zam\u011bstnavatele p\u0159i zv\u00fd\u0161en\u00e9m riziku hluku. (nen\u00ed hrazeno ze zdravotn\u00edho poji\u0161t\u011bn\u00ed)<\/p>\n<\/details>\n<\/details>\n\n\n\n<p><strong>Smluvn\u00ed poji\u0161\u0165ovny<\/strong>:<\/p>\n\n\n\n<figure class=\"wp-block-image size-large\"><img loading=\"lazy\" decoding=\"async\" width=\"1024\" height=\"80\" src=\"https:\/\/www.lbmedica.cz\/wp-content\/uploads\/2025\/06\/loga-poj2-jpg-1024x80.jpeg\" alt=\"\" class=\"wp-image-30\" srcset=\"https:\/\/www.lbmedica.cz\/wp-content\/uploads\/2025\/06\/loga-poj2-jpg-1024x80.jpeg 1024w, https:\/\/www.lbmedica.cz\/wp-content\/uploads\/2025\/06\/loga-poj2-jpg-300x23.jpeg 300w, https:\/\/www.lbmedica.cz\/wp-content\/uploads\/2025\/06\/loga-poj2-jpg-768x60.jpeg 768w, https:\/\/www.lbmedica.cz\/wp-content\/uploads\/2025\/06\/loga-poj2-jpg-1536x120.jpeg 1536w, https:\/\/www.lbmedica.cz\/wp-content\/uploads\/2025\/06\/loga-poj2-jpg-1080x84.jpeg 1080w, https:\/\/www.lbmedica.cz\/wp-content\/uploads\/2025\/06\/loga-poj2-jpg-1280x100.jpeg 1280w, https:\/\/www.lbmedica.cz\/wp-content\/uploads\/2025\/06\/loga-poj2-jpg-980x76.jpeg 980w, https:\/\/www.lbmedica.cz\/wp-content\/uploads\/2025\/06\/loga-poj2-jpg-480x37.jpeg 480w, https:\/\/www.lbmedica.cz\/wp-content\/uploads\/2025\/06\/loga-poj2-jpg.jpeg 1834w\" sizes=\"auto, (max-width: 1024px) 100vw, 1024px\" \/><\/figure>\n\n\n\n<p><\/p>\n","protected":false},"excerpt":{"rendered":"<p>Zdrav\u00ed je na\u0161e priorita V\u00edtejte v na\u0161\u00ed ordinaci zam\u011b\u0159en\u00e9 na obor ORL u&nbsp;Strossmayerova n\u00e1m\u011bst\u00ed!Sna\u017e\u00edme se poskytovat nejen kvalitn\u00ed l\u00e9ka\u0159skou p\u00e9\u010di, ale i&nbsp;p\u0159\u00e1telsk\u00e9 a individu\u00e1ln\u00ed p\u0159\u00edstupy pro na\u0161e pacienty, proto\u017ee va\u0161e zdrav\u00ed je pro n\u00e1s na prvn\u00edm m\u00edst\u011b.P\u00e9\u010di poskytujeme jak dosp\u011bl\u00fdm, tak d\u011btsk\u00fdm pacient\u016fm, a to u\u017e od novorozeneck\u00e9ho v\u011bku. Aktuality a zm\u011bny ordina\u010dn\u00ed doby Zm\u011bny [&hellip;]<\/p>\n","protected":false},"author":2,"featured_media":0,"parent":0,"menu_order":0,"comment_status":"closed","ping_status":"closed","template":"","meta":{"footnotes":""},"class_list":["post-85","page","type-page","status-publish","hentry"],"_links":{"self":[{"href":"https:\/\/www.lbmedica.cz\/index.php?rest_route=\/wp\/v2\/pages\/85","targetHints":{"allow":["GET"]}}],"collection":[{"href":"https:\/\/www.lbmedica.cz\/index.php?rest_route=\/wp\/v2\/pages"}],"about":[{"href":"https:\/\/www.lbmedica.cz\/index.php?rest_route=\/wp\/v2\/types\/page"}],"author":[{"embeddable":true,"href":"https:\/\/www.lbmedica.cz\/index.php?rest_route=\/wp\/v2\/users\/2"}],"replies":[{"embeddable":true,"href":"https:\/\/www.lbmedica.cz\/index.php?rest_route=%2Fwp%2Fv2%2Fcomments&post=85"}],"version-history":[{"count":44,"href":"https:\/\/www.lbmedica.cz\/index.php?rest_route=\/wp\/v2\/pages\/85\/revisions"}],"predecessor-version":[{"id":254,"href":"https:\/\/www.lbmedica.cz\/index.php?rest_route=\/wp\/v2\/pages\/85\/revisions\/254"}],"wp:attachment":[{"href":"https:\/\/www.lbmedica.cz\/index.php?rest_route=%2Fwp%2Fv2%2Fmedia&parent=85"}],"curies":[{"name":"wp","href":"https:\/\/api.w.org\/{rel}","templated":true}]}}