{"id":113,"date":"2025-06-18T10:32:44","date_gmt":"2025-06-18T09:32:44","guid":{"rendered":"https:\/\/www.lbmedica.cz\/?page_id=113"},"modified":"2025-06-19T09:28:21","modified_gmt":"2025-06-19T08:28:21","slug":"kontakty","status":"publish","type":"page","link":"https:\/\/www.lbmedica.cz\/?page_id=113","title":{"rendered":"Kontakty"},"content":{"rendered":"\n<p><strong>e-mail:<\/strong><br>info@lbmedica.cz<\/p>\n\n\n\n<p><strong>Telefon:<\/strong><br>+420&nbsp;233 370 301<br>+420 777 364 600<\/p>\n\n\n\n<p><strong>Adresa:<\/strong><br>Dukelsk\u00fdch hrdin\u016f 33<br>Praha 7<br>1.patro<\/p>\n\n\n\n<p>u vchodov\u00fdch dve\u0159\u00ed zvonit LB Medica<\/p>\n\n\n\n<p><strong>Kde n\u00e1s najdete?<\/strong><\/p>\n\n\n\n<hr class=\"wp-block-separator has-alpha-channel-opacity\"\/>\n\n\n\n<figure class=\"wp-block-gallery has-nested-images columns-default is-cropped wp-block-gallery-1 is-layout-flex wp-block-gallery-is-layout-flex\">\n<figure class=\"wp-block-image size-large\"><a href=\"https:\/\/www.google.com\/maps?ll=50.099165,14.43308&amp;z=15&amp;t=m&amp;hl=en-GB&amp;gl=US&amp;mapclient=embed&amp;q=Dukelsk\u00fdch+Hrdin\u016f+691\/33+170+00+Praha+7-Hole\u0161ovice\"><img loading=\"lazy\" decoding=\"async\" width=\"1024\" height=\"895\" data-id=\"141\" src=\"https:\/\/www.lbmedica.cz\/wp-content\/uploads\/2025\/06\/map_lbmedica-1024x895.png\" alt=\"\" class=\"wp-image-141\" srcset=\"https:\/\/www.lbmedica.cz\/wp-content\/uploads\/2025\/06\/map_lbmedica-1024x895.png 1024w, https:\/\/www.lbmedica.cz\/wp-content\/uploads\/2025\/06\/map_lbmedica-300x262.png 300w, https:\/\/www.lbmedica.cz\/wp-content\/uploads\/2025\/06\/map_lbmedica-768x671.png 768w, https:\/\/www.lbmedica.cz\/wp-content\/uploads\/2025\/06\/map_lbmedica.png 1128w\" sizes=\"auto, (max-width: 1024px) 100vw, 1024px\" \/><\/a><\/figure>\n<\/figure>\n\n\n\n<p><\/p>\n","protected":false},"excerpt":{"rendered":"<p>e-mail:info@lbmedica.cz Telefon:+420&nbsp;233 370 301+420 777 364 600 Adresa:Dukelsk\u00fdch hrdin\u016f 33Praha 71.patro u vchodov\u00fdch dve\u0159\u00ed zvonit LB Medica Kde n\u00e1s najdete?<\/p>\n","protected":false},"author":2,"featured_media":0,"parent":0,"menu_order":0,"comment_status":"closed","ping_status":"closed","template":"","meta":{"footnotes":""},"class_list":["post-113","page","type-page","status-publish","hentry"],"_links":{"self":[{"href":"https:\/\/www.lbmedica.cz\/index.php?rest_route=\/wp\/v2\/pages\/113","targetHints":{"allow":["GET"]}}],"collection":[{"href":"https:\/\/www.lbmedica.cz\/index.php?rest_route=\/wp\/v2\/pages"}],"about":[{"href":"https:\/\/www.lbmedica.cz\/index.php?rest_route=\/wp\/v2\/types\/page"}],"author":[{"embeddable":true,"href":"https:\/\/www.lbmedica.cz\/index.php?rest_route=\/wp\/v2\/users\/2"}],"replies":[{"embeddable":true,"href":"https:\/\/www.lbmedica.cz\/index.php?rest_route=%2Fwp%2Fv2%2Fcomments&post=113"}],"version-history":[{"count":12,"href":"https:\/\/www.lbmedica.cz\/index.php?rest_route=\/wp\/v2\/pages\/113\/revisions"}],"predecessor-version":[{"id":199,"href":"https:\/\/www.lbmedica.cz\/index.php?rest_route=\/wp\/v2\/pages\/113\/revisions\/199"}],"wp:attachment":[{"href":"https:\/\/www.lbmedica.cz\/index.php?rest_route=%2Fwp%2Fv2%2Fmedia&parent=113"}],"curies":[{"name":"wp","href":"https:\/\/api.w.org\/{rel}","templated":true}]}}