{"id":108,"date":"2025-06-18T10:31:44","date_gmt":"2025-06-18T09:31:44","guid":{"rendered":"https:\/\/www.lbmedica.cz\/?page_id=108"},"modified":"2025-06-19T09:27:21","modified_gmt":"2025-06-19T08:27:21","slug":"sluzby","status":"publish","type":"page","link":"https:\/\/www.lbmedica.cz\/?page_id=108","title":{"rendered":"Slu\u017eby"},"content":{"rendered":"\n<div class=\"wp-block-columns is-layout-flex wp-container-core-columns-is-layout-28f84493 wp-block-columns-is-layout-flex\">\n<div class=\"wp-block-column is-layout-flow wp-block-column-is-layout-flow\">\n<p><strong>Diagnostick\u00e9 vy\u0161et\u0159en\u00ed akutn\u00edho stavu<\/strong><br>Diagnostick\u00e9 vy\u0161et\u0159en\u00ed akutn\u00edho stavu p\u0159i bolestech u\u0161\u00ed, krku, zalehnut\u00ed u\u0161\u00ed, n\u00e1hl\u00e9 nedosl\u00fdchavosti, nosn\u00ed nepr\u016fchodnosti, krv\u00e1cen\u00ed z nosu.<\/p>\n<\/div>\n\n\n\n<div class=\"wp-block-column is-layout-flow wp-block-column-is-layout-flow\">\n<p><strong>Audiometrick\u00e9 vy\u0161et\u0159en\u00ed sluchu<\/strong><br>Audiometrick\u00e9 vy\u0161et\u0159en\u00ed sluchu je diagnostick\u00fd test, kter\u00fd m\u011b\u0159\u00ed schopnost jedince vn\u00edmat zvuky r\u016fzn\u00fdch frekvenc\u00ed a intenzit a pom\u00e1h\u00e1 ur\u010dit p\u0159\u00edpadn\u00e9 poruchy sluchu. Vy\u0161et\u0159ujeme dosp\u011bl\u00e9 i d\u011bti. Ka\u017ed\u00e9 d\u00edt\u011b by m\u011blo v r\u00e1mci p\u011btilet\u00e9 prohl\u00eddky absolvovat preventivn\u00ed audiometrick\u00e9 vy\u0161et\u0159en\u00ed. Dosp\u011bl\u00e9 vy\u0161et\u0159ujeme p\u0159i n\u00e1hl\u00e9 ztr\u00e1t\u011b sluchu, p\u0159i zhor\u0161en\u00ed sluchu v\u011bkem, nebo v r\u00e1mci preventivn\u00ed prohl\u00eddky pro zam\u011bstnavatele. Na z\u00e1klad\u011b zhodnocen\u00ed audiometrick\u00e9ho vy\u0161et\u0159en\u00ed p\u0159id\u011blujeme dle preferenc\u00ed pacienta sluchadlovou protetiku.<\/p>\n<\/div>\n<\/div>\n\n\n\n<div class=\"wp-block-columns is-layout-flex wp-container-core-columns-is-layout-28f84493 wp-block-columns-is-layout-flex\">\n<div class=\"wp-block-column is-layout-flow wp-block-column-is-layout-flow\">\n<p><strong>Endoskopick\u00e9 vy\u0161et\u0159en\u00ed nosohltanu<\/strong><br>Endoskopick\u00e9 vy\u0161et\u0159en\u00ed nosohltanu je modern\u00ed diagnostick\u00e1 metoda, kter\u00e1 umo\u017e\u0148uje detailn\u00ed pohled flexibiln\u00edm endoskopem na stav nosohltanu a m\u016f\u017ee b\u00fdt vyu\u017eita p\u0159i r\u016fzn\u00fdch onemocn\u011bn\u00edch, jako jsou nap\u0159\u00edklad zv\u011bt\u0161en\u00e1 nosn\u00ed mandle, alergie, z\u00e1n\u011bty nebo polypy.<\/p>\n\n\n\n<p><strong>V\u00fddej sluchadel<\/strong><br>Na z\u00e1klad\u011b v\u00fdsledk\u016f audiometrick\u00e9ho vy\u0161et\u0159en\u00ed vyd\u00e1v\u00e1me a p\u0159id\u011blujeme sluchadla. Dlouhodob\u011b spolupracujeme se sluchadlov\u00fdmi firmami, sledujeme modern\u00ed trendy a technologie. Ka\u017ed\u00e9mu pacientovi p\u0159id\u011bl\u00edme sluchadlo dle jeho p\u0159\u00e1n\u00ed a mo\u017enost\u00ed.<\/p>\n<\/div>\n\n\n\n<div class=\"wp-block-column is-layout-flow wp-block-column-is-layout-flow\">\n<p><strong>Endoskopick\u00e9 vy\u0161et\u0159en\u00ed krku<\/strong><br>Krk lze endoskopicky vy\u0161et\u0159it tuh\u00fdm laryngoskopem, nebo flexibiln\u00edm endoskopem p\u0159es nosn\u00ed dutinu. Lze zhodnotit stav hlasivek a horn\u00edch d\u00fdchac\u00edch cest. \u010casto slou\u017e\u00ed jako diagnostick\u00e9 vy\u0161et\u0159en\u00ed pro potvrzen\u00ed gastrointestin\u00e1ln\u00edho refluxu.<\/p>\n\n\n\n<p><strong>Aplikace n\u00e1u\u0161nic<\/strong><br>Nast\u0159elujeme n\u00e1u\u0161nice z kvalitn\u00ed chirurgick\u00e9 oceli.<\/p>\n<\/div>\n<\/div>\n\n\n\n<div class=\"wp-block-columns is-layout-flex wp-container-core-columns-is-layout-28f84493 wp-block-columns-is-layout-flex\">\n<div class=\"wp-block-column is-layout-flow wp-block-column-is-layout-flow\"><\/div>\n\n\n\n<div class=\"wp-block-column is-layout-flow wp-block-column-is-layout-flow\">\n<figure class=\"wp-block-image size-full is-resized\"><img loading=\"lazy\" decoding=\"async\" width=\"480\" height=\"640\" src=\"https:\/\/www.lbmedica.cz\/wp-content\/uploads\/2025\/06\/image5-rotated.jpeg\" alt=\"\" class=\"wp-image-179\" style=\"width:281px;height:auto\" srcset=\"https:\/\/www.lbmedica.cz\/wp-content\/uploads\/2025\/06\/image5-rotated.jpeg 480w, https:\/\/www.lbmedica.cz\/wp-content\/uploads\/2025\/06\/image5-225x300.jpeg 225w\" sizes=\"auto, (max-width: 480px) 100vw, 480px\" \/><\/figure>\n<\/div>\n<\/div>\n\n\n\n<p><\/p>\n","protected":false},"excerpt":{"rendered":"<p>Diagnostick\u00e9 vy\u0161et\u0159en\u00ed akutn\u00edho stavuDiagnostick\u00e9 vy\u0161et\u0159en\u00ed akutn\u00edho stavu p\u0159i bolestech u\u0161\u00ed, krku, zalehnut\u00ed u\u0161\u00ed, n\u00e1hl\u00e9 nedosl\u00fdchavosti, nosn\u00ed nepr\u016fchodnosti, krv\u00e1cen\u00ed z nosu. Audiometrick\u00e9 vy\u0161et\u0159en\u00ed sluchuAudiometrick\u00e9 vy\u0161et\u0159en\u00ed sluchu je diagnostick\u00fd test, kter\u00fd m\u011b\u0159\u00ed schopnost jedince vn\u00edmat zvuky r\u016fzn\u00fdch frekvenc\u00ed a intenzit a pom\u00e1h\u00e1 ur\u010dit p\u0159\u00edpadn\u00e9 poruchy sluchu. Vy\u0161et\u0159ujeme dosp\u011bl\u00e9 i d\u011bti. Ka\u017ed\u00e9 d\u00edt\u011b by m\u011blo v r\u00e1mci p\u011btilet\u00e9 [&hellip;]<\/p>\n","protected":false},"author":2,"featured_media":0,"parent":0,"menu_order":0,"comment_status":"closed","ping_status":"closed","template":"","meta":{"footnotes":""},"class_list":["post-108","page","type-page","status-publish","hentry"],"_links":{"self":[{"href":"https:\/\/www.lbmedica.cz\/index.php?rest_route=\/wp\/v2\/pages\/108","targetHints":{"allow":["GET"]}}],"collection":[{"href":"https:\/\/www.lbmedica.cz\/index.php?rest_route=\/wp\/v2\/pages"}],"about":[{"href":"https:\/\/www.lbmedica.cz\/index.php?rest_route=\/wp\/v2\/types\/page"}],"author":[{"embeddable":true,"href":"https:\/\/www.lbmedica.cz\/index.php?rest_route=\/wp\/v2\/users\/2"}],"replies":[{"embeddable":true,"href":"https:\/\/www.lbmedica.cz\/index.php?rest_route=%2Fwp%2Fv2%2Fcomments&post=108"}],"version-history":[{"count":5,"href":"https:\/\/www.lbmedica.cz\/index.php?rest_route=\/wp\/v2\/pages\/108\/revisions"}],"predecessor-version":[{"id":197,"href":"https:\/\/www.lbmedica.cz\/index.php?rest_route=\/wp\/v2\/pages\/108\/revisions\/197"}],"wp:attachment":[{"href":"https:\/\/www.lbmedica.cz\/index.php?rest_route=%2Fwp%2Fv2%2Fmedia&parent=108"}],"curies":[{"name":"wp","href":"https:\/\/api.w.org\/{rel}","templated":true}]}}